- 2*k. Calculate l(q).
16
Let g(i) be the third derivative of -i**4/12 + i**3/2 + 2*i**2 - i. Give g(-3).
9
Let w be 1/3 - (-26)/(-6). Let g(x) = -4*x**2 - 2*x - 1. Let b(q) = 3*q**2 + q + 1. Suppose -2*a + 4 = -6. Let o(s) = a*b(s) + 4*g(s). Give o(w).
-3
Let t(c) = c + 1. Let v(z) be the first derivative of z**3/3 + 2*z**2 - z - 2. Let s(x) = -2*t(x) + v(x). Let g = -3 - 0. Give s(g).
0
Let l(x) = -4*x + 4. Let j(c) = -3*c + 3. Let f(q) = 6*j(q) - 5*l(q). Determine f(-3).
-8
Let j(a) = 2*a - 17. Let h(y) = -y + 1. Let p(w) = h(w) + j(w). Determine p(10).
-6
Suppose 2*l = -3*b + 6*l - 20, -l = 4*b + 14. Let t(d) be the third derivative of -d**5/60 - d**4/6 - d**3/3 - d**2. Calculate t(b).
-2
Let a(v) = 2*v**3 - 3 - v**3 + 1 - v + 3. Let k be -5*(7/5 + -1). What is a(k)?
-5
Let d(m) = m + 4. Let l be ((-10)/25)/((-1)/(-50)). Let k = -16 - l. Give d(k).
8
Let y(j) be the second derivative of -j**4/12 + j**3/2 - 3*j**2/2 + 18*j. Determine y(4).
-7
Let u(c) = c + 12. Let z be u(-9). Suppose 0 = -2*i - i + z*s - 27, 18 = -i + 4*s. Let w(a) = a**2 + 6*a - 5. Determine w(i).
-5
Let g(q) be the first derivative of -q**7/840 + q**6/180 + q**5/40 - q**4/12 - q**3 - 9. Let m(h) be the third derivative of g(h). Give m(3).
-2
Let x be (-2)/(-7) - 57/(-21). Suppose 3*b + 4*n + x = 0, 0*n = 3*b - 3*n + 3. Let u(z) = -4 + 3*z + 3 + z - 5*z. What is u(b)?
0
Let m(w) be the third derivative of w**6/120 + w**5/15 + w**4/6 + 21*w**2. What is m(-3)?
-3
Let d(t) = 18*t + t**3 - 8*t - t**2 - 13 - 11*t. What is d(0)?
-13
Let g be 2/1 + (-9 - 1). Let m = 6 + g. Let w(x) = -2*x**3 - 2*x**2 - 2. Determine w(m).
6
Let x(w) be the second derivative of -w**5/20 + w**4/3 + w**3/3 + 7*w**2/2 - 14*w. Determine x(5).
-8
Let l(k) be the first derivative of -k**2/2 - 3*k - 4. Let g = -5 - -8. Suppose g*v - 4*v = 0. Determine l(v).
-3
Let y(x) be the third derivative of 0 + 0*x + 1/3*x**4 + x**2 - 1/60*x**5 - x**3. Let l be (-5)/(-10)*(2 + 8). Give y(l).
9
Let k = -10 + 11. Let w(h) be the second derivative of 3*h**5/20 + h. Determine w(k).
3
Let g(w) be the second derivative of w**5/20 - w**4/2 + 2*w**3/3 - 5*w**2/2 - 3*w. Let c(p) = -p**2 + 5. Let h be c(0). Give g(h).
-10
Let i(j) = -j**2 - 8*j - 6. Let r be i(-7). Suppose -3*z - 2*d + 2 - 3 = 0, 11 = 3*z - 4*d. Suppose -f - r = z. Let o(m) = m**2 + m - 2. Calculate o(f).
0
Let q(f) = 4*f**3 - 4*f**2 + 6. Let s(n) = n**3 + 1. Let m(v) = q(v) - 3*s(v). Let j = -1 + 4. Determine m(j).
-6
Suppose 5*y = 3*k + 27, -y + 5*y - 8 = -k. Let f(x) be the second derivative of -x**5/20 + x**4/6 + 2*x**3/3 - x**2 - 6*x. Determine f(y).
1
Let i(d) = d**2 - 58*d + 0*d**2 + 57*d + 19 - d**3. Give i(0).
19
Let h(g) = -g**3 + 4*g**2 + 4*g + 6. Suppose -4*a = 3*u - 8 - 3, -a = 1. Determine h(u).
1
Let p(f) = 2*f - 7 - 16 - 13*f**2 + 4 + f**3. Let u be p(13). Let h(x) = -x**2 + 6*x + 10. Determine h(u).
3
Let r(j) = j - 1. Let l(x) = -x**3 - 9*x**2 - 7*x + 10. Let v be l(-8). Suppose 0 = -3*t - 2*h + 23, t = -0*h + v*h - 3. Suppose 0 + 5 = t*m. Give r(m).
0
Let m = -36 - -41. Let u(x) = 2 - 5 - 3 + x**2 - 5*x. Calculate u(m).
-6
Let k(f) = f**2 + 12*f + 4. Let r(w) = -w - 1. Let u(g) = -k(g) - 5*r(g). Let l = 9 + -15. What is u(l)?
7
Suppose -35 = 32*l - 25*l. Let x(b) = b**2 + 4*b + 2. Give x(l).
7
Let g(m) = 3*m + 3. Suppose 3*l + l = 0. Suppose 4*t = u + 14, u - 4 = -l*u - 2*t. What is g(u)?
-3
Let z(s) = s**3 - 2*s**2 - 3*s**2 - 2*s**3 + 6. Suppose 5*m + 3*f + 0*f = -16, -m = f + 2. Determine z(m).
6
Let d(j) be the first derivative of -j**2 + 9/4*j**4 + 1/3*j**3 + j - 3. Calculate d(1).
9
Let k be 55/(-22)*12/(-10). Let x(d) = -d**2 + k + 7 + 6*d - 9. Determine x(5).
6
Let k be (3/(-6))/((-1)/(-62)). Let f = -18 - k. Let j = f - 18. Let z(g) = 2*g + 2. Determine z(j).
-8
Let j(b) = b**3 - 4*b**2 + 6 + 6 - 6*b - 13. Calculate j(5).
-6
Let y(k) = -2*k + 5. Let d(h) = 4*h - 11. Let b(n) = -4*d(n) - 9*y(n). Give b(-2).
-5
Let l(o) = -o**2 - 7*o - 5. Let d be (3 - 0)/((-6)/(-4)). Suppose -2*u = 18 - d. Let r = 4 + u. What is l(r)?
7
Let d(i) be the first derivative of i**4/4 - 11*i**3/3 - 11*i**2/2 - 7*i - 25. Calculate d(12).
5
Let o(k) = -2*k - 8. Let g = -96 - -88. Determine o(g).
8
Let k(q) = -2*q**2 + 2*q. Suppose i = -27 + 29. Give k(i).
-4
Let z(t) be the second derivative of -9*t**5/20 + t**3/3 + t**2/2 - 3*t. Let g be (0 - 1) + 28/4. Suppose -g + 5 = p. What is z(p)?
8
Let k(o) = -o**2 - 2*o - 2. Let z = -7 - -3. Let y(c) = c**2 + 6*c + 5. Let m be y(z). Let h be k(m). Let s(j) = j + 5. Give s(h).
0
Let j(t) be the second derivative of 4*t + 1/2*t**2 + 0 - 1/3*t**3. Give j(-2).
5
Let k(t) = t**3 + 7*t**2 + 8*t + 5. Let b be k(-6). Let h(r) = r**2 + 8*r + 1. What is h(b)?
-6
Let l(f) = -2*f + 18. Let y be l(7). Let p(c) = c**3 - 2*c**2 - 6*c + 1. Give p(y).
9
Let c(f) = 3*f**2 + f - 7. Let a(g) = 4*g**2 - 7. Let h(v) = 4*a(v) - 5*c(v). Calculate h(6).
13
Let d(m) = m**3 - 4*m**2 + m - 3. Suppose -2*h = -y + 5 - 2, 4*h + 12 = 4*y. What is d(y)?
-9
Let l be 3 - ((-6)/(-15) - (-28)/(-20)). Let c(u) be the second derivative of 2*u + 0 + u**3 + 1/12*u**l - 1/2*u**2. What is c(-5)?
-6
Let m be (4/6)/(4/54). Let b(l) = -3 + 5*l - m*l + 2. Determine b(-2).
7
Let b(n) = -9*n**2 - 2*n - 1. Suppose 0 - 3 = 3*q. What is b(q)?
-8
Let x be -3 + 0 + (-60)/(-15). Let a(r) = -5*r**3 - 2*r + 1. Let b be a(x). Let q(c) = -c**3 - 5*c**2 + 7*c + 1. Give q(b).
-5
Let v(b) = b**3 + 5*b**2 - 7*b - 6. Let p = 0 - -1. Let i be (p/1)/(1/(-6)). Calculate v(i).
0
Let v(r) = 2*r - 2. Suppose 4*q - 2*b = 32 - 6, 4*b = 2*q - 22. Determine v(q).
8
Let d(y) = 3*y**2 - y + 11. Let h(a) = a**2 - a + 5. Let u(z) = 2*d(z) - 5*h(z). Determine u(-4).
1
Let o be (-3)/(-5) - (-36)/(-10). Let j(k) = -4*k**2 + 3*k + 6. Let z(v) = 5*v**2 - 4*v - 6. Let y(f) = o*z(f) - 4*j(f). Give y(0).
-6
Let k(v) = -v + 5. Suppose 0 = -3*p - 5*f + f - 12, p + 6 = -2*f. Suppose -5*u = -p*u - 25. What is k(u)?
0
Let w(v) = v**3 + 3*v**2 + 3*v + 1. Let p = -35 - -33. Calculate w(p).
-1
Let g be (4 - 2)/((-20)/50). Let a(z) = 5*z**2 - 3 - 2*z**3 + z + 6 + 3*z**3. Calculate a(g).
-2
Let u(h) = -h**3 + 2*h**2 + 3*h + 3. Let v be u(3). Let g(q) = -q + 1. Let s(j) = -j + 1. Let y(a) = -2*g(a) + s(a). Determine y(v).
2
Suppose 3*y = -4 - 5. Let q(t) = t. Let d(j) = j. Let u(a) = 5*d(a) - 4*q(a). Calculate u(y).
-3
Let f be 2/(-6) + (-126)/27. Let p(k) = 2*k + 1. What is p(f)?
-9
Suppose -9*q + 7*q = 0. Let n be -1 + (-8 - -4 - q). Let t(b) = -b**3 - 6*b**2 - 5*b + 1. What is t(n)?
1
Let l(x) = x + 8. Suppose f + f = -12. Calculate l(f).
2
Let z(u) = 4 - 4 + 3 - 2*u + u. Determine z(0).
3
Let x = 8 - 6. Let c(q) = q**3 + 3*q**x + 1 + q - 1 + 0 - 2. Calculate c(-3).
-5
Let i(r) = -r**3 + r**2 + r. Let l be (-9)/21 - 16/28. Let o(z) = -4*z**3 + 2*z**2 - 1. Let f be o(1). Let q = l - f. Determine i(q).
-2
Let n(f) = -20 + 8*f - 3*f**2 + 13 + 2*f**2. Determine n(6).
5
Suppose s = 4*v + 25, 3*s = -2*v + 3*v + 42. Suppose 3*o = -s - 5. Let c(l) = -l**3 - 6*l**2 + 4. Calculate c(o).
4
Suppose -2*a - 29 = 5*m, 10 + 5 = -5*m + 5*a. Let o(d) = 4*d - 2. Let t(p) = -7 + 8 + 0 - p. Let u(y) = -o(y) - 5*t(y). Give u(m).
-8
Let k be (6/(-4))/((-1)/2). Let m(c) = c**2 + 1. Suppose -6*p + 4*p = 4. Let v(r) = -3*r**2 + r - 2. Let i(a) = p*v(a) - 5*m(a). Determine i(k).
2
Let f = 5 - 7. Let p(b) = -7*b**3 - 2*b**2 - b - 1. Let j(c) = 14*c**3 + 5*c**2 + 2*c + 3. Let y(g) = f*j(g) - 5*p(g). What is y(1)?
7
Suppose -2*l + 7 = 5. Let q(r) = -r**2 - 2*r. Let v be q(l). Let t(c) = c**2 + 2*c + 0*c**2 - 5 + 2. What is t(v)?
0
Let r(g) = 5*g - 1. Let w(t) = t - 4. Let o = 14 - 8. Let h be w(o). What is r(h)?
9
Let v = -4 - -8. Suppose c = 8 - 9. Let m(r) = -r. Let d(h) = h**3 - 5*h**2 - h - 7. Let a(t) = c*d(t) + v*m(t). Determine a(5).
-8
Let q(p) = -p**3 + 6*p**2 - 4*p + 2. Let c(y) = -3*y + 23. Let l be c(6). Calculate q(l).
7
Let y(o) = -o - 19 + 19 + 0*o - 14. Give y(-7).
-7
Let k = -10 + 12. Let r(n) = 6*n**3 - n - 2 + 1 + 2*n + k. Determine r(-1).
-6
Let w(s) = -7*s + 13. Let k(q) = -4*q + 7. Let f(m) = 5*k(m) - 3*w(m). Let g(u) = -19*u - 1. Let h be g(-1). Let y = h - 13. What is f(y)?
1
Let u(z) = z - 7. Suppose 3*o + 12 + 62 = -2*j, 2*j - 3*o = -86. Let x = j + 29. Let a = x + 16. Determine u(a).
-2
Let n(d) be the fir